-46*a + 816. Suppose 2*g + a = 26*g. What is the remainder when w(2) is divided by g?
0
Suppose -2*d - 362 = 4*x, 8 = -3*x + 2. What is the remainder when 148 is divided by d/(-6) - (-13)/26?
28
Let x = -26769 - -33141. What is the remainder when x is divided by 22?
14
Let v = 6834 - 5280. Calculate the remainder when v is divided by 156.
150
Let o(f) = 8*f**2 + 4*f + 16. Suppose 0*b - 3*b - 9 = -5*x, -2*b - 6 = -5*x. What is the remainder when o(b) is divided by 27?
22
Let f be 4/10 + ((-192)/(-15))/8. Let r(w) = 10*w**3 + 2*w**2 - 12*w + 19. What is the remainder when r(f) is divided by 23?
14
Let b(q) = 4*q - 27. Let m be b(8). Suppose 4*s - m*p = 3*s - 17, 12 = -s + 4*p. What is the remainder when 42 is divided by s?
2
Let u(h) = -h**2 + 12*h + 1. Let l be u(11). Suppose 0*p = -2*p + 4*q + l, 0 = 3*p + 3*q. Calculate the remainder when 11 - (6 - (-4)/(-1)) is divided by p.
1
Let w = 30479 + -30134. What is the remainder when w is divided by 45?
30
Suppose -6*c - 19*c = 0. Suppose 786*z - 780*z - 114 = c. Let h = 528 + -341. Calculate the remainder when h is divided by z.
16
Suppose -4*j + 251 = -57. Let a = 129 - j. What is the remainder when a is divided by 11?
8
Let r(n) = n - 3. Let m be r(5). Let p(h) = 42*h - 10. Let a(q) = q + 5. What is the remainder when p(m) is divided by a(10)?
14
Suppose -4*f = 3*z - 174, -2*f + 17 = z - 69. What is the remainder when 670 is divided by f?
40
Let y = -14176 - -14370. What is the remainder when 396 is divided by y?
8
Suppose -3*y + 2*y = -3*w + 7408, 0 = 2*w + 5*y - 4916. Calculate the remainder when w is divided by 10.
8
Suppose -12*g = -14*g + 23*g. Suppose g = 7*d - 86 - 152. What is the remainder when d is divided by 3?
1
Suppose 4*k + 11*k = 0. Suppose 2*l + y - 20 = -y, k = -l + 3*y + 10. Suppose -2*o + 29 + 7 = 0. Calculate the remainder when o is divided by l.
8
Let h be (44/20 + -1)/(15/50). Suppose 2*x - 5*x = h*o - 186, 0 = o + 3. What is the remainder when 461 is divided by x?
65
Let n(c) = 910*c - 2084. Calculate the remainder when n(7) is divided by 67.
65
Let c(d) = -4*d - 4. Let y be c(-7). Suppose -3*x + y = -0*x. Suppose -18339*t + 18294*t = -3825. Calculate the remainder when t is divided by x.
5
Let v be (-2)/(-7) - 30/7. Let t = -5324 + 5339. What is the remainder when v/12 + (-140)/(-6) is divided by t?
8
Let k = 16797 + -16691. Calculate the remainder when 721 is divided by k.
85
Suppose -122*k = -125*k + 33. Let m = 201 - -7. What is the remainder when m is divided by k?
10
Suppose -3*b + 28 = 1. Let u be (3/(-2))/((-25)/1200). Suppose 3*w = -4*z + 72, 5*z + u = 3*w + 3*z. Calculate the remainder when w is divided by b.
6
Suppose -l - 3*d - 4 = -3*l, 5*l - 21 = 2*d. Suppose -16*m = -469 + l. What is the remainder when 114 is divided by m?
27
Suppose 0 = 2*r - 16 + 4. Let u(f) = 19*f - 98. Let b(a) = 39*a - 197. Let q(s) = 6*b(s) - 11*u(s). Calculate the remainder when q(5) is divided by r.
3
Let n = -134 - -133. Let l(c) = -113*c**3 - 2*c**2 - c. Let i be l(n). Suppose 6*a = 14 + i. Calculate the remainder when 39 is divided by a.
18
Suppose 10*g = -127*g + 4795. Calculate the remainder when 46 is divided by g.
11
Suppose -74*b + 454 = -75*b. Let x = -410 - b. What is the remainder when 171 is divided by x?
39
Suppose -7 = -5*c + 3. Suppose h = -c*h - h. Let j(z) = z**2 + 86. Calculate the remainder when j(h) is divided by 46.
40
Let y be -4 + (-1 - (-1 + 2) - -135). Suppose y = -5*c - 26. Let a = c - -51. Calculate the remainder when 157 is divided by a.
17
Suppose 2*k - 3253 + 1075 = 712. What is the remainder when k is divided by 284?
25
Let k = -411 + 842. Calculate the remainder when k is divided by 183.
65
Let u(c) = 6*c**2 - 8*c - 23. Let x(t) = t**2 - 1. Let w(k) = u(k) - 5*x(k). Calculate the remainder when w(-10) is divided by 33.
30
Suppose -2*s - 3*z = -58, 3*s - 3*z - 40 - 17 = 0. Calculate the remainder when 1562 is divided by s.
21
Suppose -111235 - 34013 = -68*z. Calculate the remainder when z is divided by 707.
15
Suppose 3*h + 1221 = 6*h + 2*v, -3*h + 5*v + 1221 = 0. Let n = 5168 - 5086. Calculate the remainder when h is divided by n.
79
Suppose 155 = i + 17. Suppose 74*k - 57 - 342 = 17*k. Calculate the remainder when i is divided by k.
5
Let j = -800 - -1202. Let s = -377 + j. Calculate the remainder when 73 is divided by s.
23
Let a(z) = -2*z**3 + 4*z - 1. Let i be a(-2). Suppose 2*n + i = 113. Calculate the remainder when n is divided by 8.
5
Suppose -5*q + 2*h + 1193 - 327 = 0, q - 4*h - 184 = 0. Let t(p) = 66*p + 756. What is the remainder when q is divided by t(-11)?
22
Let j(h) = 3*h**2 - 19*h + 143. Suppose 3*w + 915 - 945 = 0. Calculate the remainder when j(w) is divided by 4.
1
Suppose 306 = 3*f + 3*p, -2*p = 4*f - 131 - 269. Let y(a) = -1022*a - 9168. What is the remainder when f is divided by y(-9)?
8
Let d be 1/3 + 3/(-9). Let n(x) = -2*x + 42. Let b be n(d). Let r = b - 26. What is the remainder when r is divided by 5?
1
Let v = -3414 - -3420. What is the remainder when 313 is divided by v?
1
Let u be (-5)/(-35) + 5265/91. Suppose u*z - 36 = 56*z + 2*g, -g - 60 = -3*z. What is the remainder when 37 is divided by z?
16
What is the remainder when 4066 is divided by (2*(-3 + -4)/(-7))/(6/111)?
33
Let c(s) = 1. Let q(a) = a**3 + 2*a**2 - 6*a - 8. Let x(l) = -3*c(l) - q(l). What is the remainder when x(-4) is divided by 8?
5
Let s = -212 + 408. Let v = 443 + -418. What is the remainder when s is divided by v?
21
Let c = -718 - -738. Calculate the remainder when 155 is divided by c.
15
Let z be ((-1958)/(-8))/11 + (-1)/4. Let h = 170 - z. Calculate the remainder when h is divided by 25.
23
Let a(j) = -j**3 - 3*j**2 + 4*j + 1. Let l be a(-4). Suppose n - 3 - l = 0. What is the remainder when 39/(-15)*(48/768 + (-162)/32) is divided by n?
1
Let v(k) = 8*k**2 + k - 9. Let m be v(3). Suppose -20 - 38 = -4*r + i, 0 = 4*r - 5*i - m. Calculate the remainder when (-2)/((-2)/43) - 2 is divided by r.
13
What is the remainder when (-10)/(-6) + -2 + 962/6 is divided by 59?
42
Let d(v) = -3*v + 55. Let a = 57 + -39. Let t be (-755)/45 + (-4)/a. What is the remainder when d(t) is divided by 36?
34
Suppose -1923 + 2243 = 8*q. What is the remainder when 305 is divided by q?
25
Calculate the remainder when 826 is divided by ((-4876)/(-159))/((-2)/(-60)*4*5).
44
Let t = -316 - -234. Let d = -59 - t. What is the remainder when 107 is divided by d?
15
What is the remainder when 16/36 + 8177/9 is divided by 38?
35
Let i = -18466 - -21141. What is the remainder when i is divided by 5?
0
Suppose -2*s - 5*a = -a - 36, -3*s + 4*a + 44 = 0. Calculate the remainder when 475 is divided by s.
11
Suppose -64 = -33*h + 25*h. Suppose -701 = -h*c + 227. Suppose -4*v = -4*a - c, 6*v - 153 = v + a. What is the remainder when 123 is divided by v?
30
Suppose -2*p - 4*m + 32 = -0*m, p - m - 7 = 0. Suppose -73*g - 390 = -83*g. Calculate the remainder when g is divided by p.
9
Let n(b) = -147*b + 7029. Calculate the remainder when n(47) is divided by 41*1 + -1 + 2.
36
Let r = 12873 + -12831. What is the remainder when 1082 is divided by r?
32
Suppose 4*s - 4*l = 776, s + 52*l = 49*l + 214. What is the remainder when s is divided by 20?
19
Let t = 589 + -207. Let r(u) = -u**2 + 37*u - 320. What is the remainder when t is divided by r(16)?
14
Suppose 13 + 152 = -37*w + 48*w. Calculate the remainder when 851 is divided by w.
11
Suppose 489*f - 626*f + 12741 = 0. Calculate the remainder when 6602 is divided by f.
92
Suppose 39*i - 21*i - 2268 = 0. Suppose r + i = 19*r. What is the remainder when 20 is divided by r?
6
Let a = 7911 - 3320. What is the remainder when a is divided by 329?
314
Let j(f) = -f**3 + 14*f**2 - 18*f - 21. Let g be j(11). Suppose 2*d - 5*k + g = 521, -2*d + 2*k + 386 = 0. Calculate the remainder when d is divided by 50.
46
Let h(p) = -76*p + 566. Calculate the remainder when 189 is divided by h(6).
79
Suppose 69502 = 33*n - 44810. What is the remainder when n is divided by 63?
62
Suppose 3*g - 4*g - 191 = -5*m, 0 = m - 2*g - 40. Suppose -z = 6 - m. What is the remainder when z is divided by (-3)/(-2) + (117/6 - 3)?
14
Suppose c - 265 = 6*c. What is the remainder when -8 - (7 + (-53 + -4 - -4)*1) is divided by (-2)/8 + c/(-4)?
12
Let i = 3908 - 3889. Suppose 0*p - 